ommon factor of h and x.
13
Let j be (-1)/2*(-1 + 1). Suppose -4*i = -j*i - 28. What is the greatest common divisor of 42 and i?
7
Let p(r) = 3*r**2 - 3*r + 18. Let t be p(3). Calculate the highest common factor of 12 and t.
12
Let i = -3 + 7. Suppose i*z - 3*t - 39 = 0, -t - 3 - 7 = -z. Let j = -2 + z. What is the greatest common divisor of 63 and j?
7
Suppose 3*t - 18 = 2*t. Let l(n) = -3*n - 6. Let f be l(-5). Calculate the highest common divisor of f and t.
9
Suppose 6*a - 9*a = -6. Let t be a/((-24)/26 + 1). Calculate the highest common factor of 182 and t.
26
Let g = 10 + -7. Let x = 120 + -117. Calculate the highest common factor of x and g.
3
Let h be -8 - (1 - (2 + -2)). Let g be h/6 - 15/(-2). What is the greatest common divisor of g and 9?
3
Let p(y) = 2*y + 1. Let r be p(2). Let f be -12*(-2 - 0 - -1). Let t = -7 + f. Calculate the greatest common factor of t and r.
5
Let z(i) = i**3 - 13*i**2 - 11*i - 27. Let x be z(14). Calculate the greatest common divisor of x and 105.
15
Let p be 1*(-2 + 17 + 2). Calculate the greatest common factor of 153 and p.
17
Suppose 9*d - 68 - 229 = 0. What is the greatest common factor of 3 and d?
3
Let s(u) = 0*u - 2*u**2 + 0*u**2 + 15*u**2 + u + 1. Let v be s(-1). Calculate the greatest common factor of 13 and v.
13
Let k = 7 + -10. Let j = k - -5. Let b be j*(-1)/1 - -18. What is the highest common factor of b and 144?
16
Let j = -7 - -9. Calculate the greatest common factor of j and 14.
2
Suppose -o + 4 = 2*i, -3*i + 6*i = 4*o - 27. Let m be (o/(-8))/((-4)/80). What is the greatest common divisor of m and 6?
3
Let y(t) = 13*t**2 - t + 1. Let h be y(1). Suppose 4*o + 9 - 29 = 0. Suppose 34 = o*u - 31. What is the highest common divisor of u and h?
13
Suppose -4*d + 2*d - 80 = 0. Let h be (-16)/d - 118/(-5). Calculate the highest common divisor of 168 and h.
24
Suppose -6*k = -8*k. Suppose k = h - 0*h - 2. Calculate the highest common divisor of 16 and h.
2
Suppose -3*r + 2*r - 5*o + 7 = 0, -3*r - 3*o + 9 = 0. Suppose r*y + 15 = -3*y. Let m be 12 - y - (1 - 0). Calculate the greatest common factor of m and 154.
14
Let h(m) = 22*m + 4. Let f be h(-6). Suppose 0 = -2*d - d - 4*l + 575, 0 = -2*d + 3*l + 389. Let c = d + f. Calculate the greatest common divisor of c and 26.
13
Suppose -2*v + 539 - 75 = 3*j, -154 = -j - v. Suppose -t = 2*t - j. What is the greatest common factor of t and 13?
13
Let y(u) = -u**2 + 6*u + 8. Let n be y(7). Suppose -3 = -2*j - n. Suppose 2*z - j + 5 = 0, -5*c = -4*z - 78. What is the highest common divisor of 140 and c?
14
Suppose -2*u - 9 = -61. What is the highest common divisor of u and 182?
26
Let f(u) = -u**3 + 4*u + 3. Let w be f(-3). Let g be 1/(-3) - 168/(-18). What is the greatest common factor of w and g?
9
Let x = 15 - 11. Suppose 7*l - 3*l = x. Calculate the greatest common factor of 9 and l.
1
Let j be (-9)/3*32/(-6). Let h be (-82)/4*(-5 - -3). Let v = h + -17. Calculate the greatest common divisor of v and j.
8
Let b be 2/(1 + (-39)/33). Let z = b + 19. Let p be (-577)/(-4) - 2/z. What is the highest common factor of p and 16?
16
Let z = 59 + -23. Let y = -107 - -119. Calculate the highest common factor of y and z.
12
Suppose -2*g - 3*x = 3*g - 57, g - 2*x - 1 = 0. Suppose 4*h = h + g. Calculate the highest common divisor of h and 3.
3
Let d = -640 + 910. Suppose 0 = -p + 3*n + 90, 0*p + 5*n = -3*p + d. What is the greatest common factor of 36 and p?
18
Let w = 33 + -9. What is the highest common factor of 18 and w?
6
Let i be 154/(-21)*(-6)/4. What is the greatest common divisor of 77 and i?
11
Let i be 35 + 0 + 1 + 0. Let p = i + -22. Let f(j) = -5*j + 58. Let r be f(6). Calculate the greatest common factor of r and p.
14
Suppose -5*s - 3*n = -61, 7*n - 2 = -s + 3*n. Let a(y) = y**2 - 7*y + 9. Let p be a(6). Let z = p + 4. Calculate the greatest common divisor of z and s.
7
Let u = 15 - 12. Let f = 7 + -6. Let z = f - -2. What is the greatest common factor of u and z?
3
Let o(b) = -3*b - 4. Let t(d) = d - 1. Let h be t(4). Let v be (-1 + h)*(-35)/14. Let x be o(v). Calculate the greatest common divisor of x and 88.
11
Let c(t) = -3*t + 4. Let p be c(-6). Let r be 114*(-1)/(-2) - 2. What is the highest common factor of r and p?
11
Let n = 251 + -136. Calculate the greatest common divisor of 5 and n.
5
Suppose 0 = -v - v + 8. Suppose v*k + 32 = 4*i, i - 21 - 7 = -3*k. What is the highest common divisor of 13 and i?
13
Let w(g) = g. Let m be w(2). Let v(r) = 2*r - 10. Let k be v(8). What is the highest common divisor of m and k?
2
Suppose 4*z - 12 = -0*z. Let p = -1 + 0. Let u(o) = 15*o**2 - o - 1. Let m be u(p). What is the highest common divisor of z and m?
3
Suppose 0 = 6*u - u. Suppose -3*c + 6 + 255 = b, u = -3*b - 9. Let j = c - 18. Calculate the greatest common factor of 10 and j.
10
Suppose -w - 4*w + 160 = 0. Suppose 4*o + 2*l = w, 5*o - 4*o + l - 10 = 0. What is the greatest common divisor of 4 and o?
2
Let q be -160*(1 - -4)/(-10). What is the highest common divisor of q and 32?
16
Let o = 471 - 231. Calculate the greatest common divisor of 30 and o.
30
Let m be 0 + (3 - 2) - -19. What is the highest common factor of 60 and m?
20
Let i be (2 - -126) + (-2 - -2). Let y = -83 + i. What is the greatest common divisor of y and 5?
5
Let p be ((-38)/4)/(4/(-8)). What is the highest common divisor of p and 209?
19
Suppose -39 = -2*m + 303. Calculate the highest common divisor of m and 19.
19
Suppose 0 = 4*x + 4, 0*k - x = 5*k - 419. What is the highest common factor of k and 63?
21
Suppose -2 = -6*r + 70. What is the highest common divisor of r and 132?
12
Suppose 0 = -0*v + v - 21. Suppose -2*t - 5*a = -4*t - v, -4*a + 22 = t. Let w(g) = 2*g**2 + 2. Let z be w(t). Calculate the highest common divisor of 15 and z.
5
Let g be (9/18)/(2/16). Let h = 0 + g. What is the greatest common divisor of 36 and h?
4
Suppose 0*g + 5*g = 10, -u - 19 = -5*g. Let f = 14 + u. Calculate the greatest common factor of 10 and f.
5
Let l = -16 - -24. Suppose l*f - 198 = 5*f. Suppose 6 = -5*s + f. Calculate the greatest common factor of s and 108.
12
Let o = 19 + 5. Let p(k) = -k**2 + 9*k + 2. Let b be p(7). Calculate the greatest common divisor of b and o.
8
Let j = 0 + 1. Suppose 0*a = 2*a - 6. Let u be a*(-2 + (0 - -5)). What is the highest common factor of u and j?
1
Suppose z = -0*z + 5. Let n(b) = -b + 9. Let r be n(z). Calculate the highest common divisor of 36 and r.
4
Let f = -2 - -17. Calculate the highest common divisor of 3 and f.
3
Suppose -3*x = -2*l - 56, -4*x + l = 2*l - 60. Calculate the highest common factor of 72 and x.
8
Let x(b) = b**3 - 10*b**2 + 10*b + 13. Let k be x(9). What is the greatest common divisor of 242 and k?
22
Suppose 4*h + 69 - 213 = 0. Let z(j) = -18*j**2 - j + 1. Let q be z(1). Let o = q + h. Calculate the highest common factor of 9 and o.
9
Suppose 0 = -4*m - 5*a - 45, 4 = -2*m + 2*a - 32. Let c be 4*(-3)/3*m. Calculate the highest common factor of 24 and c.
12
Let n be -4 - (-3 + -7 + -1). What is the highest common divisor of 21 and n?
7
Suppose 3*w - y - 519 = 2*y, 524 = 3*w - 4*y. What is the greatest common factor of 24 and w?
24
Let x be (4/8)/(2/8). Calculate the highest common divisor of 18 and x.
2
Suppose -h - 4 = -3*x, 2*x - 7*x - 2*h + 25 = 0. Suppose 4*j - c = 8, -4*j + c = x*c + 4. Calculate the greatest common factor of j and 4.
1
Let a be (10/6 + -1)*24. Let i be (a - 19)/(3/(-2)). What is the greatest common divisor of i and 16?
2
Suppose -3*p + 7*p = 8. Let q = 0 + p. Suppose -2*m + 5*m + 47 = q*w, w - 28 = -3*m. What is the highest common factor of w and 5?
5
Let f = -1 + 1. Suppose f*h - 3*x + 10 = h, 5*x = h - 18. Calculate the greatest common factor of 65 and h.
13
Let h(t) = -11*t**3 + t**2 - 2*t - 1. Let a be h(-1). Calculate the greatest common divisor of 104 and a.
13
Suppose -4*r = -8*r - 2*s - 82, 0 = 4*s - 12. Let b = r - -66. What is the highest common factor of b and 11?
11
Let m = 18 - -22. Calculate the highest common factor of 360 and m.
40
Suppose -5*o - 25 = 3*j, 0 + 13 = -4*o - j. Let h = 6 - o. Let m = -16 - -64. Calculate the greatest common factor of h and m.
8
Let a = -11 + 18. Let u(y) = 11*y. Let d be u(7). What is the greatest common factor of d and a?
7
Let u(w) = -3*w + 41. Let d be u(6). C